{"id":26,"date":"2015-07-23T16:37:25","date_gmt":"2015-07-23T14:37:25","guid":{"rendered":"http:\/\/genos01.bn-paf.de\/?page_id=26"},"modified":"2024-12-07T19:53:38","modified_gmt":"2024-12-07T18:53:38","slug":"ueber-uns","status":"publish","type":"page","link":"https:\/\/geno-senioren-obb.de\/","title":{"rendered":"\u00dcber uns"},"content":{"rendered":"\n<p><strong>Herzlich willkommen auf der Homepage der Geno-Senioren Oberbayern e.V.<\/strong><\/p>\n\n\n\n<p><span style=\"color: #000000; font-family: Nimrod; font-size: medium;\">Der Zweck des Vereins ist, das Gemeinschaftsbewu\u00dftsein, welches durch die jahrelange, gemeinsame T\u00e4tigkeit und durch gute, kollegiale Zusammenarbeit entstanden ist, zu erhalten und weiter zu vertiefen. Dieses Ziel soll vor allem durch gemeinsame Veranstaltungen (Zusammenk\u00fcnfte, Reisen u. \u00e4.) erreicht werden.<br><br>Der Mitgliedsbeitrag betr\u00e4gt zur Zeit j\u00e4hrlich 30,00 Euro.<br><br>Mitgliederstand: rund 400 Mitglieder.<\/span><\/p>\n\n\n\n<p>Hier k\u00f6nnen <span style=\"text-decoration: underline;\"><strong><a href=\"https:\/\/\/geno-senioren-obb.de\/wp-content\/uploads\/2015\/07\/Sastzung-1.pdf\">Satzung<\/a><\/strong><\/span> und&nbsp;<a href=\"https:\/\/\/geno-senioren-obb.de\/wp-content\/uploads\/2021\/11\/Aufnahmeantrag-2021.pdf\" data-wplink-url-error=\"true\"><span style=\"text-decoration: underline;\"><strong>Aufnahmeantrag<\/strong><\/span><\/a>&nbsp;heruntergeladen werden!<\/p>\n","protected":false},"excerpt":{"rendered":"<p>Herzlich willkommen auf der Homepage der Geno-Senioren Oberbayern e.V. Der Zweck des Vereins ist, das Gemeinschaftsbewu\u00dftsein, welches durch die jahrelange, gemeinsame T\u00e4tigkeit und durch gute, kollegiale Zusammenarbeit entstanden ist, zu erhalten und weiter zu vertiefen. Dieses Ziel soll vor allem durch gemeinsame Veranstaltungen (Zusammenk\u00fcnfte, Reisen u. \u00e4.) erreicht werden. Der Mitgliedsbeitrag betr\u00e4gt zur Zeit j\u00e4hrlich &hellip; <a href=\"https:\/\/geno-senioren-obb.de\/\" class=\"more-link\"><span class=\"screen-reader-text\">\u00dcber uns<\/span> weiterlesen <span class=\"meta-nav\">&rarr;<\/span><\/a><\/p>\n","protected":false},"author":3,"featured_media":0,"parent":0,"menu_order":0,"comment_status":"closed","ping_status":"closed","template":"","meta":{"footnotes":""},"class_list":["post-26","page","type-page","status-publish","hentry"],"_links":{"self":[{"href":"https:\/\/geno-senioren-obb.de\/index.php?rest_route=\/wp\/v2\/pages\/26","targetHints":{"allow":["GET"]}}],"collection":[{"href":"https:\/\/geno-senioren-obb.de\/index.php?rest_route=\/wp\/v2\/pages"}],"about":[{"href":"https:\/\/geno-senioren-obb.de\/index.php?rest_route=\/wp\/v2\/types\/page"}],"author":[{"embeddable":true,"href":"https:\/\/geno-senioren-obb.de\/index.php?rest_route=\/wp\/v2\/users\/3"}],"replies":[{"embeddable":true,"href":"https:\/\/geno-senioren-obb.de\/index.php?rest_route=%2Fwp%2Fv2%2Fcomments&post=26"}],"version-history":[{"count":19,"href":"https:\/\/geno-senioren-obb.de\/index.php?rest_route=\/wp\/v2\/pages\/26\/revisions"}],"predecessor-version":[{"id":1053,"href":"https:\/\/geno-senioren-obb.de\/index.php?rest_route=\/wp\/v2\/pages\/26\/revisions\/1053"}],"wp:attachment":[{"href":"https:\/\/geno-senioren-obb.de\/index.php?rest_route=%2Fwp%2Fv2%2Fmedia&parent=26"}],"curies":[{"name":"wp","href":"https:\/\/api.w.org\/{rel}","templated":true}]}}